 (18/f)/(1/18)?
9
Let c be -4*(-2 + 0 + 1). Suppose -4*x = -8, p - c*x - 38 = -9. Calculate the remainder when 145 is divided by p.
34
Let p be 1/(1/65)*(-128)/(-20). Calculate the remainder when (-2886)/(-16) + (-156)/p is divided by 7.
5
Suppose 16*w + 543 = -433. Let t = 138 + w. What is the remainder when t is divided by 10?
7
Suppose -475 + 1015 = 9*a. What is the remainder when 396 is divided by a?
36
Let l = -34 + 53. Suppose 4*r - l = 21. Suppose r = j + 5*c, 5*j - 79 = -0*c + 4*c. Calculate the remainder when 44 is divided by j.
14
Suppose -13*a = -4*a + 999. Let s = 135 + a. Suppose -115 = -4*y + 145. Calculate the remainder when y is divided by s.
17
Let s(p) = -80*p**2 + 1279*p + 65. Let i = 45 + -19. Suppose 13 + i = 3*g. What is the remainder when s(16) is divided by g?
10
Let z = 890 + -811. Let i(d) = d**3 - d**2 + d + 67. Let k be i(0). Let p = z - k. What is the remainder when 82 is divided by p?
10
Let z be 2/14 - 40/(-14). Let y be (-5)/(10/4) + z. Suppose 0 = -b - y, 3*b + 348 = 2*p + 3*p. Calculate the remainder when p is divided by 18.
15
Let c = -1862 - -1892. Calculate the remainder when 1107 is divided by c.
27
Let o = 11660 - 11385. Calculate the remainder when 3025 is divided by o.
0
Let r = 191 + -112. Calculate the remainder when 305 is divided by r.
68
Suppose 135*d + 28*d - 295366 = 58996. What is the remainder when d is divided by 145?
144
Let y = 32 - 68. Let v be (-72)/(-5) - y/(-90). Suppose 0 = -3*f + 5 - v, -3*f = 2*w - 83. What is the remainder when 89 is divided by w?
43
Let q = 7203 + -7025. Calculate the remainder when q is divided by 58.
4
Let c = 3148 - 2861. Calculate the remainder when c is divided by 89.
20
Let w(o) = o**2 - 17*o + 3. Let z be w(17). Suppose -z*l - 95 - 37 = 0. Let r = 236 + l. What is the remainder when r is divided by 39?
36
Suppose -2*g = -3*a - 3*g + 212, -5*a + 5*g = -340. Suppose 0 = 17*h - 3*h - a. Suppose h*n - 28 = n. What is the remainder when n is divided by 2?
1
Suppose 694 = -6*n + 1258. Calculate the remainder when n is divided by ((-126)/2 + 1)*10/(-20).
1
Let y = 26666 + -26652. What is the remainder when 334 is divided by y?
12
Let g be (-3 - (-188)/(-8))/((-1)/2). Let s = 45 - g. Let l = s - -11. What is the remainder when l is divided by 2?
1
Let b = 5 + -3. Let h be (-3)/(-9) - 5*2/(-6). Suppose -5*f + 11 = -h*n, f + 2 + 1 = 3*n. What is the remainder when f is divided by b?
1
Let j = 399 + -397. Calculate the remainder when 1 - -121*6*j is divided by 104.
101
Let s = -2222 + 6982. What is the remainder when s is divided by 69?
68
Suppose 2*i = 2*y + 30 + 58, 5*i - 220 = -3*y. Let j(c) = c**3 - 2*c**2 - 53*c + 2. What is the remainder when j(9) is divided by i?
4
Let w(y) = -35*y**2 + 804*y + 45. Let p = 34 - 56. Let s = p + 32. Calculate the remainder when w(23) is divided by s.
2
Let m(l) = 8*l**2 + 271*l + 7. Let x(a) = 33*a**2 + 1087*a + 29. Let p(i) = -9*m(i) + 2*x(i). What is the remainder when 57 is divided by p(-44)?
18
Suppose -4*c - 28 = 0, -132*c + 5 = -2*h - 133*c. What is the remainder when 351 is divided by h?
0
Suppose 37*w = -8 + 8. Suppose -35*g + 58 + 502 = w. Calculate the remainder when 45 is divided by g.
13
Let f(c) = -5*c**2 - 5. Let n(a) = -1. Let q(r) = -f(r) + 3*n(r). Let k = 146 - 149. What is the remainder when 186 is divided by q(k)?
45
Suppose 5*p = 126*k - 129*k + 5758, -1926 = -k + 5*p. Calculate the remainder when k is divided by 954.
13
Let b(t) = 2*t**2 + 4*t + 5. Let s be b(-2). Suppose -s*k + 224 + 25 = -w, -k - 2*w + 52 = 0. What is the remainder when 92/((3 + -8 + 3)/(-2)) is divided by k?
42
Suppose -2*n + 751 - 247 = 0. Suppose -5*c + 2 + 23 = 0. Suppose -n - 3 = -c*b. Calculate the remainder when b is divided by 18.
15
Let y = 8822 + -8817. What is the remainder when 576 is divided by y?
1
Let r(l) = l**2 + 4*l - 3. Let d(y) = y + 1. Let t(n) = -3*d(n) - r(n). Let z be t(-10). Let b = z - -39. Calculate the remainder when 13 is divided by b.
4
What is the remainder when 387 is divided by 30*(35/10 + -2)*1?
27
Let d = -66107 + 66178. Suppose 2*v = v. Suppose z + 5*r - 6 + 23 = v, 2*r = 5*z - 50. Calculate the remainder when d is divided by z.
7
Let c(s) = s**3 - 4*s**2 + s - 15. Let w be c(5). Suppose w*h - 20*h + 190 = 0. What is the remainder when 104 is divided by h?
28
Suppose 0 = -143*t - 218*t - 7078 + 33070. What is the remainder when 1655 is divided by t?
71
Suppose 4*g = -0 + 24, -2*d = -4*g - 78. What is the remainder when 60 is divided by d?
9
Suppose -4*r - 3*n + 4394 = 0, 65*r - 1141 = 64*r - 5*n. Let i(c) = -3*c**3 - 4*c**2 - 2*c + 2. Calculate the remainder when r is divided by i(-2).
13
Suppose 2*t + 12*b - 13*b = 21, 0 = -2*t - 4*b + 16. Calculate the remainder when 409 is divided by t.
9
Suppose -4*f = f - 435. Calculate the remainder when 0/2 - f/(-3) is divided by (-7)/(-6) - (-290)/60.
5
Let c = 741 - 520. Suppose 7*w = 5*w - 5*l + 109, 3*w - 4*l = c. What is the remainder when 265 is divided by w?
64
Let d = 0 - -24. Let v(y) = -7*y + 43. Let h be v(6). What is the remainder when h - (-102 + 7) - (-2)/(-1) is divided by d?
22
Let j(i) = -44*i**3 + 2*i - 7. Calculate the remainder when j(-2) is divided by 71.
57
Let g be (-9*4 - (-16 - -12))*2. Let r = g + 67. Suppose -t + 2*c + 49 = 0, 4*t - r*t = 4*c + 39. Calculate the remainder when 294 is divided by t.
58
Let y(p) = -p**2 + 78*p + 136. Calculate the remainder when y(63) is divided by 19.
17
What is the remainder when (3/(-2))/(-11*(-18)/81543)*-4 is divided by 165?
161
Let m(g) = -g**3 - 6*g**2 - 6*g - 38. Calculate the remainder when 95 is divided by m(-7).
42
Suppose 3*x - 353 = -2*c, 2*x + c - 2*c = 233. Let d = -26624 + 26655. What is the remainder when x is divided by d?
24
Let a = 60 + -61. Let w(g) = 74*g**2 + 15*g + 14. Calculate the remainder when w(a) is divided by 17.
5
Suppose -38*d + 45606 = 39*d - 44*d. What is the remainder when d is divided by 276?
2
Let k = -532 + 568. Suppose -k*g = -25*g - 693. Calculate the remainder when 437 is divided by g.
59
Let i(q) = -q**3 + 15*q**2 - 22*q - 1. Let y(l) = -l**2 - 22*l - 23. Calculate the remainder when y(-11) is divided by i(13).
47
Suppose 5*f - 149 = -4*t - 63, -5*t - 41 = -2*f. What is the remainder when 3041 is divided by f?
17
What is the remainder when 608 is divided by (-14)/119 + (-94410)/(-510)?
53
Suppose 0 = 2*h + 2*p - 96, 1189*h - 1194*h - 3*p + 250 = 0. Calculate the remainder when 684 is divided by h.
48
Let q(p) = 2*p - p - 2*p - p - 1. Suppose a + 0 = o - 4, 2*a = -3*o + 7. What is the remainder when q(-7) is divided by o?
1
Suppose 205*y = 210*y - 100. Let q(o) = o**3 + o**2 - 2*o - 2. Let l be q(-2). What is the remainder when y is divided by 14/(-8)*2*l?
6
Let s(o) = -o**2 + 10*o - 9. Suppose -2*j - 1 = -7. Suppose u + 5*d + j = 49, 2*d = -5*u + 276. What is the remainder when u is divided by s(6)?
11
Suppose 63 = 3*z - 81. Let d be 7*(z/28 + -2). Let s(a) = -3*a**3 - 5*a**2 - 9*a - 7. Calculate the remainder when 56 is divided by s(d).
11
Suppose s + 18287 = 3*l, 0*s = 3*s - 12. Calculate the remainder when l is divided by 113.
108
Let v(i) = -14*i + 8*i - 155 + 108. Let q(g) = g**2 - 3*g - 1. Calculate the remainder when v(-16) is divided by q(-3).
15
Let y = 23 + -21. Suppose 120 + 172 = y*q. Calculate the remainder when q is divided by 21.
20
Suppose 105*i - 189 = 96*i. Let u(j) = j**3 + 11*j**2 + 7*j + 6. What is the remainder when u(-10) is divided by i?
15
Suppose -4*z - 5*i + 696 = 0, 26 + 148 = z - 2*i. What is the remainder when z is divided by (-5 + 4)*(1 + 14)*198/(-594)?
4
Suppose -2*m - 163 = 5*g, 3*m - g = 7*m + 317. Let v = m - -104. Let a(n) = 91*n**2 + n - 1. Calculate the remainder when a(1) is divided by v.
16
Suppose 0 = -10*b + 3*b + 42. Suppose -2*c = -z + 2, 5*c = 3*z + 4 - 14. Let a = z + b. What is the remainder when 61 is divided by a?
13
Calculate the remainder when 2735 is divided by 31 + 13 + 24/(-1).
15
Let i(v) = v + 8. Let x be i(-3). Suppose k + x*k = 318. What is the remainder when k is divided by 9?
8
Let r(l) = -l**3 - 11*l**2 - 20*l - 24. Let i be r(-9). Calculate the remainder when 327 is divided by (2/i)/((42/(-297))/14).
30
Let f = 21180 + -20880. What is the remainder when 619 is divided by f?
19
Suppose 1 = -4*n + 2*w +